)?
-125
Evaluate -544 - -477 - (1 + -79).
11
Calculate (6 - (0 - 2 - 12)) + -15.
5
What is the value of (33 - 9) + 27 - 32?
19
What is the value of (3 + -4 + -2 - (-5 + (-157 - -22))) + -5?
132
Evaluate -68 + 0 - (-276 + 244).
-36
-1 - ((6 - -3) + -1) - (31 + 2 + 4)
-46
What is the value of 87 + 13 + 2 + -17 + (1 - 5) + -3?
78
Evaluate 93 - ((73 - 176) + 272).
-76
Calculate (1 + 11 - (1 + -2)) + -2 + (-1827 - -1747).
-69
Evaluate 12 + -17 + 2 - (19 - (1 + -27)).
-48
14 + (29 - 42) + -23 - 0
-22
-72 + 0 + 111 + -48 + -90
-99
What is the value of -4 - (58 + -114 + 41)?
11
What is -55 - (-16 + -26) - -42?
29
What is the value of 1668 + -1714 - (-58 + -2)?
14
Calculate -471 - -481 - (80 + -2) - -10.
-58
What is the value of -49 - (-33 + 20 - -3)?
-39
What is (60 - 79) + (20 - -5) - (-12 - (-1 - 0))?
17
22 - 1 - (82 - (-46 - -99))
-8
Calculate -81 - (-26 - -9) - -99.
35
What is the value of -16 + (11 - 17) - (24 + -1 + -1)?
-44
Evaluate 747 - 737 - (-20 + 1 + 2).
27
Calculate 42 - (116 - 46) - 8.
-36
What is the value of -22 + 32 + -10 + -17 + 23?
6
What is (18 - 4) + (-166 - -26) + 38?
-88
9 - (2 + 0) - (38 - (-27 - -34))
-24
Evaluate 20 + -15 + (3 - 9) + (266 - 386).
-121
Calculate (-1 + -48 - (8 + -61)) + -64.
-60
What is the value of -14 + (-14 - -14 - 17)?
-31
Calculate 2 - 3 - -11 - (11 + (-12 - -5) - -3).
3
Evaluate -2 - (46 - (31 + -32) - 34).
-15
What is the value of -14 - -12 - (-37 + 74 + -41)?
2
4491 + -4586 + (2 - (-1 + -9)) + 0 + -3
-86
Calculate 64 - (-106 - -243 - 192).
119
Evaluate (38 + -97 - (10 + -20)) + 21.
-28
What is the value of 16 + (4 + -8 + (-4 - 1) - (-5 + -17))?
29
Evaluate 13 + 37 + 126 + -119.
57
Evaluate -8 + (7 - ((-5 - 6) + 26)) - (6 - 28).
6
Evaluate (-40 - 24) + 37 - -57.
30
What is 88 + 4 + (8 - 16) + (-34 + 23 - -14)?
87
17 + (3 - 28) + 30 - 16
6
Evaluate (2 - (1 + -1)) + 1580 + -1594.
-12
What is -27 - (-20 - (40 + -13))?
20
Calculate (5 - 0 - (0 + 2 + -3)) + 73 + -76.
3
Calculate -100 + (-44 - -78) - -35.
-31
Calculate -4 + -32 - (7 + (-3 - 2) + 1 - 9).
-30
What is the value of -18 + (80 - 70) + (0 - 3) + 28 - 9?
8
Calculate -70 + (7 - 2) - -23.
-42
Calculate 42 - (15 + 1 + -12 + (-3 - 0) + -6).
47
What is the value of -4 + 2 + -8 + 86 + -26 + -29?
21
Calculate 37 + 100 + -36 - 72.
29
What is 25 + -2 + -9 + (5 + 11 - 5) + -10?
15
24 + -24 + 4 + -16
-12
41 + -54 - (-20 + 7 + -15)
15
Evaluate -35 + (17 + 1 - (-111 + 144)).
-50
What is -2 + 4 + 13 + -94 + -1 + (-5 - 8)?
-93
Calculate (-10 - -51) + 53 + (-39 - 35).
20
What is -7 + (-3 + (1 - 14 - -35) - 1)?
11
Evaluate 24 + (48 - 60) + (-3 - (26 - 0)).
-17
Calculate (30 + -1 - 26) + -1 - (-2 + 47).
-43
What is (-13 + 9 + -5 - -14) + -2 + 56?
59
What is the value of 104 + (-57 - (-51 - -94))?
4
57 + -101 + -53 - -130
33
What is the value of -19 + (-27 - -4) - (-19 - -42)?
-65
Evaluate 6 - -8 - ((-58 - -44) + 3 + -5 + 69).
-39
Evaluate 47 + (-5 + -5 - 1) - 15 - -39.
60
What is -75 + (65 - (3 - 52))?
39
What is the value of -108 + ((1 - (6 - -9)) + 0 - -17)?
-105
What is 4 - (-3 - 4 - -2) - (235 + -211) - -127?
112
Calculate -202 + 103 + 125 - (2 - (2 - 1)).
25
Calculate (95 - 254) + 58 - 22.
-123
What is (-58 - 1) + -23 + 8 + 31?
-43
Evaluate 21667 - 21642 - (-1 + -21).
47
What is the value of 31 - (-9 - -7 - -17) - (3 - -12)?
1
What is 0 - 14 - (-2 - 29 - -128 - -17)?
-128
Evaluate (13 + (35 - 54) - 97) + (5 - (-4 - -2)).
-96
What is the value of (-65 - -134) + (15 - 2) - 24?
58
What is the value of -70 + -119 + 68 + 128?
7
What is the value of 27 + -13 + -18 + 45?
41
Evaluate -100 - (-20 - (-38 - (10 + -20))).
-108
Evaluate -52 - -110 - (-4 + -5 + (22 - -3)).
42
Evaluate -12 + -2 + 8 + -13 + 9 - -7.
-3
Calculate -1 + -60 - (1971 - 2024 - (-74 + -1)).
-83
(-22 - (61 + 17)) + 115 + -151
-136
Calculate -128 - (-47 + 63 + -90).
-54
(27 - (4 - -5) - (20 + -8)) + -59
-53
What is the value of -7 + (371 + -236 - (23 + 3))?
102
-31 + 10 - (-5 + 41 + -16)
-41
Calculate 11 + (7 - (-2 - -8) - (-4 + -4 + -56)).
76
What is the value of -6 - (17 + (43 + -65 - (-8 - 3)) + -16)?
4
Calculate -78 - (1 - ((67 - 43) + -4)).
-59
What is the value of -88 + (23 - 92 - -66)?
-91
What is 3 + -23 + 52 + -47?
-15
What is the value of -52 - (-22 - (12 - 9)) - -18?
-9
Evaluate (5 - (26 - 3)) + 72 + -34 - -44.
64
-35 + -4 - (-2 + -8 + 7 + 3)
-39
Calculate -1289 + 1237 - (-73 - -1).
20
Evaluate (50 - (12 + -10 + -8)) + (-1 - -1 - 2).
54
Calculate 143 - 74 - 79 - (-2 - (49 - 0)).
41
Calculate (65 - (-41 - -23)) + -9 + -2 + 7.
79
Evaluate 36 - (32 + -9 + -21 + 11 + 0).
23
What is the value of (3 - 0) + -9 - (219 - 234) - 5?
4
Evaluate 8 - (-4 + (-3 + 72 - (17 - (4 + 11)))).
-55
Evaluate 0 + (-20 + 24 + -11 - (2 + 3)) + 12.
0
2 - 26 - 1 - (-3 - (-15 - -18))
-19
Calculate -77 + 30 - -57 - (-64 + 0 + 0) - 8.
66
Evaluate -610 + 511 + (103 - 15).
-11
20 - (-29 - (-28 - 34) - 19)
6
What is -46 + 8 + 1 + -4 + (17 - 10) + -3?
-37
Evaluate 3 + -34 + -11 - (14 + 10 + -11 + -8).
-47
What is the value of 32 + -28 - 0 - ((-16 - 3) + 35)?
-12
Evaluate -14 + (127 - 12 - (61 - 24)).
64
What is the value of 2 + 83 + (-51 + 31 - (4 - 8 - 8))?
77
What is 5 + 13 - (-42 - (54 + -29))?
85
What is -8 - (-6 + -15) - 15 - (-2 - (-5 - 50))?
-55
Calculate 13 + -102 + -2 - 6.
-97
What is the value of (-2 + 31 - -16) + -34 + -80?
-69
(-55 + (-11 - -7) - (-11 - (-18 - 3))) + 9
-60
Calculate 5 - (20 - (-39 - -11)).
-43
What is the value of 29 - ((-2 + 11 - -9) + -58)?
69
(13 - -4) + (34 + (-76 - -31) - -19)
25
Calculate -16 + 115 - (143 + -80).
36
Calculate 24 - (28 + -22) - (-3 + 72).
-51
What is the value of 9 + (6 - -1) + (5 - (2 - (-5 - 22)))?
-8
Calculate -87 + (-14 - (1 - (-10 + 36))).
-76
What is 19 - (30 + (-3 - -30))?
-38
Calculate 179 - 200 - (-25 + (-1 - -2)).
3
-54 + 5 + -25 + -8 + 6 + -7 + -1
-84
(12 - -2 - -10) + -8 + -1
15
Calculate -48 + (21 - 5) + 4 + 129.
101
(-4 - 0) + -7 + 18 + (-15 - 64) - -10
-62
What is (8 - 0 - (20 - (20 - 4))) + (0 - 57)?
-53
What is 26 + -27 + 24 + 2 + -47?
-22
What is 22 + -6 - (37 + -17) - (-5 - -3)?
-2
Calculate (2 + 0 - 7) + (93 - 38) + -17.
33
Calculate (27 - 37 - 2) + -4 + 9.
-7
Evaluate (37 - (93 - 45 - 44)) + -24.
9
What is the value of -1 + 9 - (17 - -11) - (-35 - -21)?
-6
Evaluate 5 - (3 + 1) - (-73 + 73).
1
Evaluate -9 + 3 + -5 + 22 + -11 + 1.
1
Calculate (22 - 11) + -31 + -1 + 66.
45
Evaluate (-9 - -30) + (1 + -3 - (30 - 33) - 3).
19
What is the value of (-15 + -18 - (5 - -3)) + 269 + -258?
-30
What is (484 - 476) + 52 + (-4 - (-4 + (-4 - -7)))?
57
What is the value of -9 - (1 + -9 - (1451 - 1468))?
-18
Evaluate -32 - 2 - (-64 + (-3 - -95)).
-62
Calculate -7 - (-1 - (26 + 13 + (-12 - 1))).
20
-7 - 50 - -33 - -23
-1
What is (27 + 1 - -34) + (-3 - -7)?
66
What is the value of (-6 - -4 - -34) + 22 + (-24 - 4 - -13)?
39
What is 29 - (7 - -27 - 4) - 32?
-33
What is (1 - 79) + (-7 + -41 - -33) + 1 + 10?
-82
758 + -874 - (1 - (2 + -2 + 20))
-97
Calculate (-20 - (4 + -2)) + (-30934 - -30927).
-29
Evaluate -14 - 8 - (9 - (-13 + 125)).
81
What is the value of 176 - 175 - (11 - (-3 - -22))?
9
What is (858 + -853 - (2 - (-19 + 3))) + 57?
44
What is -2 - 2 - (-8 + 18 + -1 + -14)?
1
Evaluate 7 + (-4 + -6 - -6) + 0 - (276 - 274).
1
What is -2 - 24 - (-1164 + 1206) - (-13 - 1)?
-54
What is the value of -50 - (44 + -8 + (-18 - 104))?
36
(21 - -1) + 732 + -776
-22
What is -3 + -6 - ((-3 - (-4 + 8)) + (-86 - -30))?
54
What is the value of -75 + 22 + 46 + 20?
13
39 + (7 - 61) + -71
-86
Calculate 5 + 31 + 524 + -534.
26
What is the value of -44 + (-38 - (-22 + -43))?
-17
What is (20 + -61 - -19) + -17 - (3 - 0) - -5?
-37
What is -71 - 0 - (-2159 - -2105)?
-17
Evaluate (-24 + 70 + -19 - 58) + -26.
-57
What is (-6 - -4) + -141 + 1 + (11 - (12 + -16))?
-127
-49729 + 49686 - (1 + (-1 - 2) - (-1 - -7))
-35
-13 + 27 + -14 + 15 + -8 - -49
56
What is 41 - (-16 + (13 - -4) + (-11 - -17))?
34
0 - (1 - -31) - (-34 + 180 + -157)
-21
What is 21 - -18 - (-17 + 82)?
-26
Calculate 9 - ((4 - -15) + -17 + 66 + 9).
-68
Evaluate -29 - (-40 - (-122 + 54)).
-57
101 + 18 + (-3 - (18 + 1 + -9)) + 0
106
What is (-14 - -12) + (-3 + 1 - (-80 + 73)) + 1?
4
What is -149 + 22 + 19 - -54?
-54
Calculate -19 - 4 - (-64 - (29 + 19)).
89
What is -11794 + 11801 + (-102 - -2)?
-93
What is 1 + -22 + (-88 + 18 - -86)?
-5
What 